 factors of 82?
2, 41
List the prime factors of 2057.
11, 17
List the prime factors of 1713.
3, 571
What are the prime factors of 49604?
2, 12401
What are the prime factors of 1230?
2, 3, 5, 41
List the prime factors of 12.
2, 3
List the prime factors of 13494.
2, 3, 13, 173
List the prime factors of 1317.
3, 439
What are the prime factors of 7876?
2, 11, 179
List the prime factors of 1676.
2, 419
What are the prime factors of 517?
11, 47
What are the prime factors of 82544?
2, 7, 11, 67
What are the prime factors of 109412?
2, 17, 1609
List the prime factors of 49068.
2, 3, 29, 47
List the prime factors of 1741.
1741
List the prime factors of 2633.
2633
List the prime factors of 6821.
19, 359
List the prime factors of 3319.
3319
List the prime factors of 35948.
2, 11, 19, 43
What are the prime factors of 141786?
2, 3, 7877
List the prime factors of 49999.
49999
List the prime factors of 926.
2, 463
List the prime factors of 13573.
7, 277
What are the prime factors of 1573?
11, 13
List the prime factors of 816.
2, 3, 17
What are the prime factors of 1139?
17, 67
List the prime factors of 4620.
2, 3, 5, 7, 11
List the prime factors of 9929.
9929
What are the prime factors of 2006?
2, 17, 59
List the prime factors of 321.
3, 107
What are the prime factors of 14529?
3, 29, 167
List the prime factors of 7863.
3, 2621
What are the prime factors of 9561?
3, 3187
What are the prime factors of 4836?
2, 3, 13, 31
List the prime factors of 51371.
47, 1093
What are the prime factors of 698?
2, 349
List the prime factors of 29171.
31, 941
What are the prime factors of 925?
5, 37
What are the prime factors of 62896?
2, 3931
List the prime factors of 678.
2, 3, 113
What are the prime factors of 165268?
2, 79, 523
List the prime factors of 38302.
2, 11, 1741
What are the prime factors of 6315?
3, 5, 421
List the prime factors of 4377.
3, 1459
What are the prime factors of 8674?
2, 4337
List the prime factors of 110725.
5, 43, 103
What are the prime factors of 1307?
1307
What are the prime factors of 27690?
2, 3, 5, 13, 71
What are the prime factors of 960?
2, 3, 5
List the prime factors of 110673.
3, 4099
What are the prime factors of 6842?
2, 11, 311
What are the prime factors of 2339?
2339
What are the prime factors of 460?
2, 5, 23
List the prime factors of 3787.
7, 541
What are the prime factors of 7094?
2, 3547
What are the prime factors of 776?
2, 97
What are the prime factors of 608?
2, 19
List the prime factors of 1144.
2, 11, 13
What are the prime factors of 411?
3, 137
What are the prime factors of 33567?
3, 67, 167
What are the prime factors of 44846?
2, 17, 1319
List the prime factors of 2251.
2251
List the prime factors of 6755.
5, 7, 193
What are the prime factors of 22789?
13, 1753
List the prime factors of 1398.
2, 3, 233
List the prime factors of 7309.
7309
List the prime factors of 4631.
11, 421
What are the prime factors of 39?
3, 13
List the prime factors of 14264.
2, 1783
List the prime factors of 817.
19, 43
What are the prime factors of 3466?
2, 1733
List the prime factors of 30169.
30169
What are the prime factors of 16575?
3, 5, 13, 17
What are the prime factors of 29605?
5, 31, 191
What are the prime factors of 29902?
2, 14951
What are the prime factors of 1685?
5, 337
What are the prime factors of 1099?
7, 157
What are the prime factors of 9191?
7, 13, 101
List the prime factors of 6779.
6779
What are the prime factors of 9195?
3, 5, 613
What are the prime factors of 1770?
2, 3, 5, 59
List the prime factors of 950.
2, 5, 19
List the prime factors of 3012.
2, 3, 251
What are the prime factors of 7156?
2, 1789
List the prime factors of 107829.
3, 11981
What are the prime factors of 2713?
2713
What are the prime factors of 4621?
4621
List the prime factors of 19423.
19423
What are the prime factors of 185171?
7, 3779
List the prime factors of 44691.
3, 14897
List the prime factors of 133.
7, 19
What are the prime factors of 32265?
3, 5, 239
What are the prime factors of 3490?
2, 5, 349
What are the prime factors of 9524?
2, 2381
What are the prime factors of 966?
2, 3, 7, 23
List the prime factors of 63470.
2, 5, 11, 577
List the prime factors of 13732.
2, 3433
List the prime factors of 10129.
7, 1447
List the prime factors of 1548.
2, 3, 43
List the prime factors of 28.
2, 7
What are the prime factors of 2021?
43, 47
List the prime factors of 1388.
2, 347
List the prime factors of 27003.
3, 9001
What are the prime factors of 1567?
1567
What are the prime factors of 3654?
2, 3, 7, 29
What are the prime factors of 1718?
2, 859
List the prime factors of 37419.
3, 12473
List the prime factors of 25928.
2, 7, 463
List the prime factors of 42017.
42017
List the prime factors of 2170.
2, 5, 7, 31
What are the prime factors of 10999?
17, 647
List the prime factors of 501.
3, 167
List the prime factors of 3881.
3881
List the prime factors of 680.
2, 5, 17
List the prime factors of 1383.
3, 461
What are the prime factors of 6608?
2, 7, 59
What are the prime factors of 27361?
27361
What are the prime factors of 78744?
2, 3, 17, 193
What are the prime factors of 1202?
2, 601
What are the prime factors of 6937?
7, 991
What are the prime factors of 5284?
2, 1321
What are the prime factors of 17257?
17257
List the prime factors of 24158.
2, 47, 257
List the prime factors of 826.
2, 7, 59
List the prime factors of 39573.
3, 4397
What are the prime factors of 13569?
3, 4523
List the prime factors of 10001.
73, 137
List the prime factors of 1123.
1123
What are the prime factors of 4471?
17, 263
What are the prime factors of 14993?
11, 29, 47
List the prime factors of 14531.
11, 1321
What are the prime factors of 4380?
2, 3, 5, 73
List the prime factors of 3622.
2, 1811
List the prime factors of 4749.
3, 1583
List the prime factors of 18121.
18121
List the prime factors of 768.
2, 3
What are the prime factors of 38960?
2, 5, 487
What are the prime factors of 2951?
13, 227
What are the prime factors of 3238?
2, 1619
List the prime factors of 53167.
79, 673
List the prime factors of 671.
11, 61
List the prime factors of 2318.
2, 19, 61
What are the prime factors of 37236?
2, 3, 29, 107
List the prime factors of 1745.
5, 349
What are the prime factors of 34987?
59, 593
What are the prime factors of 369?
3, 41
List the prime factors of 1774.
2, 887
What are the prime factors of 3682?
2, 7, 263
List the prime factors of 83486.
2, 13, 19
What are the prime factors of 1156?
2, 17
List the prime factors of 5368.
2, 11, 61
What are the prime factors of 1863?
3, 23
What are the prime factors of 12691?
7, 37
List the prime factors of 7795.
5, 1559
List the prime factors of 66670.
2, 5, 59, 113
What are the prime factors of 1689?
3, 563
What are the prime factors of 6667?
59, 113
List the prime factors of 2697.
3, 29, 31
What are the prime factors of 1056?
2, 3, 11
List the prime factors of 478.
2, 239
What are the prime factors of 98306?
2, 13, 19, 199
List the prime factors of 8298.
2, 3, 461
What are the prime factors of 81901?
81901
What are the prime factors of 6573?
3, 7, 313
List the prime factors of 31884.
2, 3, 2657
What are the prime factors of 15764?
2, 7, 563
List the prime factors of 2059.
29, 71
What are the prime factors of 31177?
31177
What are the prime factors of 62489?
7, 79, 113
What are the prime factors of 98555?
5, 23, 857
What are the prime factors of 22782?
2, 3, 3797
What are the prime factors of 485?
5, 97
What are the prime factors of 7025?
5, 281
List the prime factors of 104923.
7, 13, 1153
What are the prime factors of 63?
3, 7
List the prime factors of 52393.
11, 433
What are the prime factors of 119488?
2, 1867
What are the prime factors of 3503?
31, 113
List the prime factors of 10451.
7, 1493
List the prime factors of 13166.
2, 29, 227
What are the prime factors of 974?
2, 487
What are the prime factors of 14398?
2, 23, 313
List the prime factors of 2275.
5, 7, 13
List the prime factors of 2730.
2, 3, 5, 7, 13
What are the prime factors of 24648?
2, 3, 13, 79
List the prime factors of 21452.
2, 31, 173
What are the prime factors of 2391?
3, 797
List the prime factors of 7056.
2, 3, 7
What are the prime factors of 118142?
2, 19, 3109
What are the prime factors of 612?
2, 3, 17
What are the prime factors of 25464?
2, 3, 1061
L